= 0. Calculate the remainder when p is divided by 37.
2
Suppose h = -5*r + 11979, -1451*h = -1452*h - 6. Calculate the remainder when r is divided by 24.
21
Let d = 120 - 65. Suppose 6*z - 13 = 5*z. Suppose -z*t + 58 = 4*l - 11*t, -5*t - 51 = -4*l. Calculate the remainder when d is divided by l.
13
Let a = -7 + 18. Calculate the remainder when ((-7)/21)/(36/(-21060)) is divided by a.
8
Let q(f) = 3*f**2 - f - 3. Let i(s) = -6*s**2 + 2*s + 5. Let b(z) = -4*i(z) - 7*q(z). What is the remainder when b(-4) is divided by 5/(-10)*1/1*-38?
15
Let k = 1518 - 1412. Calculate the remainder when k is divided by 96.
10
Let g be ((-152)/(-95))/((-4)/(-10)). What is the remainder when 27 is divided by (-42)/g*4/(-3) + -3?
5
Let g(m) = -2*m**2 + 7*m + 263. Calculate the remainder when g(0) is divided by 71.
50
Let q = 17288 + -17250. Calculate the remainder when 545 is divided by q.
13
Suppose -4*m - 4*d = -160, -d = 2 + 2. What is the remainder when (-1 - 0 - 70/(-56))*268 is divided by m?
23
Calculate the remainder when 264 is divided by (-35)/(-2) - -2*21/12.
12
Suppose -81281*j - 4290 = -81296*j. What is the remainder when j is divided by 0 + -3 + (-75)/(-1)?
70
Let t be ((-2)/(-1) - -4) + -2. Suppose i - 35 = -t*i. Calculate the remainder when 0 + 20 - (-3 + i) is divided by 10.
6
Let f(z) = -30*z**2 - 7*z + 14. Let r be f(3). Let x = r + 462. What is the remainder when x is divided by 21?
17
Suppose -f + 7 - 8 = 0. Let k(u) = u**2 + 21*u + 63. Let l be k(-18). Calculate the remainder when 161 is divided by (1*-3)/(f/l).
26
Let r be (-2)/(-3) + 66/9. Let s(u) = -21*u - 374. What is the remainder when s(-20) is divided by (-62)/(-5) + r/(-20)?
10
Suppose -3*b - 5*r = -802, 236*b - 4*r = 232*b + 1144. Calculate the remainder when b is divided by 40.
39
Suppose -2837*f - 1185 = -2852*f. Calculate the remainder when 202 is divided by f.
44
Let n(u) = 85*u - 169*u + 17 + 73*u + u**2. Let r be n(9). What is the remainder when ((-1248)/(-33) - r) + (-4)/(-22) is divided by 8?
7
Suppose -2*f - 325 = -z, -z + 5*z + 2*f = 1270. Suppose 7 - z = -8*t. Calculate the remainder when t is divided by 24.
15
Let h(v) be the first derivative of 2*v**3/3 - v**2/2 - 13*v + 1. What is the remainder when 219 is divided by h(5)?
27
Suppose 4*x = 147 - 15. Suppose -2615 = -x*w + 850. Calculate the remainder when w is divided by 36.
33
Let g(d) = -d**3 + d**2 + 14*d + 6. Suppose -18*y = 87 + 21. Calculate the remainder when g(y) is divided by 25.
24
Suppose -422*c + 356*c + 3234 = 0. What is the remainder when 1612 is divided by c?
44
Suppose 113 = -26*a + 27*a. Suppose 2*w = 377 - a. What is the remainder when 40 is divided by (w/30)/(-2*2/(-20))?
18
Suppose 0 = -198*a + 119*a + 1896. Suppose 4*d + 0*d - 60 = 4*g, 0 = -4*d - 3*g + 81. What is the remainder when a is divided by d?
6
Let c(x) be the first derivative of -2*x**2 + 71*x - 20. Calculate the remainder when c(12) is divided by 8.
7
Suppose 5 + 21 = 2*n. Suppose -2*t - 3*g = 603, -16*t - 2*g = -15*t + 302. Let z = -237 - t. What is the remainder when z is divided by n?
11
Let p(m) = 494*m**3 + 3*m - 2. Let c be p(1). Suppose -307 = -5*f + 4*b, -2 = -3*b - 11. What is the remainder when f is divided by c/22*(-12)/(-9)?
29
Suppose i = 4*o + 25, -5*i + 34*o - 35*o = -230. Calculate the remainder when 2643 is divided by i.
33
Suppose w = i - 1548, 0 = 5*i + 12*w - 11*w - 7722. Calculate the remainder when i is divided by 86.
83
Suppose 5*m + 5*z - 123 = 17, 140 = 5*m - 4*z. Calculate the remainder when 580 is divided by m.
20
Let l be (-1 + -2)/(51/(-34)) - -232. Let t = l - 207. What is the remainder when t is divided by 9?
0
Suppose 0 = -b + 2 - 0. Let o = 266 + -263. Suppose b*w - l = 8 + 5, 0 = -2*w + o*l + 23. Calculate the remainder when 26 is divided by w.
2
Let j = 107 + -100. Suppose 2*r = 10, -r - 8 = -3*u + 2. Suppose 3*v - 5*k = 73 + 36, -k + 191 = u*v. Calculate the remainder when v is divided by j.
3
Let g = 2623 - 2599. What is the remainder when 1439 is divided by g?
23
Suppose 4*f - 5 = 2*d + 41, 2*f - 3*d = 29. Let p(j) = -18*j + 155. Suppose 6 = -4*z - 6, -5*z - 50 = -5*x. What is the remainder when p(x) is divided by f?
9
Let z = 18423 + -8002. Calculate the remainder when z is divided by 27.
26
Let q = 23977 - 22811. What is the remainder when q is divided by 409?
348
Suppose -12*o - 2*z = -15*o + 511, 2*o + 10*z - 250 = 0. Calculate the remainder when o is divided by ((-6)/(-4))/((-2)/(-28)).
18
Suppose -4*t - 3*q + 103 = 0, 2*t + 3*t - 85 = 5*q. Suppose h = t + 20. What is the remainder when h is divided by 5?
2
Let a = -287 + 288. Let o(x) = 55*x**2 + x + 1. Calculate the remainder when o(a) is divided by 20.
17
Suppose -m - 75 = -71, 4*d + 3*m = 296. What is the remainder when 1607 is divided by d?
67
Let x be -9 - (3 + -3)/(-3). Let r = -11 - x. Calculate the remainder when r/6 - (-804)/9 is divided by 10.
9
Suppose 0 = 122*b - 124*b + 4*o + 1848, -4*o = -b + 914. Let c = -781 + b. What is the remainder when c is divided by 27?
18
Suppose 3*q - 196 = 2*i, -2*i = -3*q - 6*i + 166. Calculate the remainder when 492 is divided by q.
58
Let v(z) = -3*z**3 - 14*z**2 - 28*z - 203. Suppose 0 = -0*j - 4*j + 88. Calculate the remainder when v(-6) is divided by j.
21
Let u(o) = -17*o**2 - 2*o + 4. Let m(w) = -w**2 - w + 1. Let c(y) = -4*m(y) - u(y). Suppose -22 + 62 = 20*b. Calculate the remainder when c(b) is divided by 45.
43
Let u(p) = -140*p + 1829. Calculate the remainder when u(11) is divided by 63.
37
Suppose 101*s - 698 = 99*s. Let h = -337 + s. What is the remainder when h is divided by 3?
0
Suppose -9*l + 10650 = 16*l. Calculate the remainder when l is divided by 63.
48
Suppose r - 337 = -3*m - 32, -3*m + r + 313 = 0. What is the remainder when (5516/42)/((-4)/(-6)) is divided by m?
94
Let k be (-102)/(-68) - 902/4. Let c = -117 - k. Calculate the remainder when c is divided by 41.
25
Let q be (18/(-12) + 2)/(2/508). Suppose -131*c + 536 = -q*c. Suppose -r - 32 = -u, -2*r = 4*u - 3*u - 17. What is the remainder when c is divided by u?
26
Let n(o) = 6*o**2 - 46*o + 28. What is the remainder when n(8) is divided by 4/(-10)*(-3 + -37)?
12
Calculate the remainder when 3187 is divided by (-1 - 2/(-3))*((-15 - 34) + 7).
9
Suppose -4*c + 2*l = -3*c - 2, 2*c = -3*l + 4. Suppose 10 = 5*k, -3*a + c*k + 0*k = -125. Calculate the remainder when a is divided by ((-6)/9)/(1/(-33)).
21
Let g(m) = -140*m - 137*m - 23 + 274*m + 12. Let q be -8 - (2 + 4/(-1)). Calculate the remainder when 32 is divided by g(q).
4
Let n(s) = 4*s**2 + 17*s - 220. Let k(d) = -3*d - 26. What is the remainder when n(8) is divided by k(-14)?
12
Let y(b) = -19*b - 114. Let o be y(-6). Suppose 5*v - z + 162 = 455, o = -3*v + 2*z + 173. What is the remainder when v is divided by 3?
2
Let v(l) = 6 - 2 + 3*l**2 - 4*l**2 + 1. Let o = 180 + -180. What is the remainder when 37 is divided by v(o)?
2
Let k(d) = -d**3 - 7*d**2 + 16*d + 6. Let g be k(-9). Suppose 7*n - 130 - g = 0. Suppose 32 = 2*i + n. What is the remainder when 7 is divided by i?
2
Let q(v) = 25*v**2 + 5*v - 10. Let x be q(-3). What is the remainder when (x/(0 - -4))/2 is divided by 5?
0
Let d(c) = -19*c - 37. Let g(f) = -36*f - 75. Let x(w) = 11*d(w) - 6*g(w). Let n(r) = 13*r - 4. What is the remainder when x(14) is divided by n(4)?
45
Let y(c) = 5*c**2 - 316*c - 5669. Calculate the remainder when y(-18) is divided by 408.
7
Suppose 2*f - r = 2247, -339*f + 5*r + 4503 = -335*f. Calculate the remainder when f is divided by 51.
0
What is the remainder when -655*((-11 - 0)/88 + 12/(-160)) is divided by 80?
51
Let c(z) = -2*z**3 - 12*z**2 - 6*z + 5. Let j be (-1)/(5/(-6))*-5. Let o = -7 + 21. What is the remainder when c(j) is divided by o?
13
Suppose 340*a + 1059*a - 2030 = -631*a. Let w(d) = d**3 - 4*d**2 + 2*d + 4. Let v be w(3). Let y = v - 0. What is the remainder when y is divided by a?
0
Calculate the remainder when 629 is divided by (((-6)/8)/((-5)/8))/((-430)/(-10750)).
29
Suppose -29055*q + 29069*q - 1974 = 0. What is the remainder when 212 is divided by q?
71
Suppose 2*r - 66 = 4*b, -4*b + 103 = 5*r - 90. Let o(x) = -x**3 - x**2 - x + 13. Suppose -2*v = 3*v. What is the remainder when r is divided by o(v)?
11
Let k(z) = 103*z + 1485. What is the remainder when 2578 is d